-3*t - 264 = -l*t. What are the prime factors of t?
2, 11
Let w(b) = 192*b - 2. What are the prime factors of w(8)?
2, 13, 59
Let z(c) = -c + 1. Let f = -5 + 2. Let l be z(f). Suppose -2*o - 24 = -l*h, 7 - 23 = -2*h + 2*o. What are the prime factors of h?
2
Let y(v) = 884*v + 9. What are the prime factors of y(1)?
19, 47
Suppose -7*g + 731 = -9293. What are the prime factors of g?
2, 179
Let a(h) = h**3 + 2*h**2 - 3*h + 2. Let c = -64 - -45. Let i = -16 - c. What are the prime factors of a(i)?
2, 19
Let i(f) = 3*f + 30. Let w = -4 + 11. Suppose -w*j = -2*j. List the prime factors of i(j).
2, 3, 5
What are the prime factors of ((-12340)/(-30)*-2)/(2/(-3))?
2, 617
Let m be 7/28 - 27/(-4). What are the prime factors of 2*(2 - m/(-2))?
11
Suppose 0 = 4*m - 2*m + d - 31, 0 = -4*d + 12. Let a = 30 + m. What are the prime factors of a?
2, 11
Let c be (-106)/2 + (-1)/(-3)*-3. Let f = -68 - -147. Let l = c + f. List the prime factors of l.
5
Let o = 534 + -52. List the prime factors of o.
2, 241
Let n = 4 - 11. Let l be (-468)/16*(n - -3). Suppose -5*t + l = 4*u, 5*u = -t + 136 - 16. What are the prime factors of u?
23
Suppose 25 = -3*y - 2*y, -4*y = 2*d - 184. Let f = -297 + 549. Suppose 2*o + 4*h = d, 4*o - 6*h - f = -2*h. List the prime factors of o.
59
Suppose -5*b + o = -476, 22*o = 2*b + 5*o - 124. List the prime factors of b.
2, 3
Suppose -2*x = 2*a + 308 - 2882, 0 = -3*a - 2*x + 3864. What are the prime factors of a?
2, 3, 5, 43
Let f(o) = -o**2 + 14*o - 11. Let p be f(9). Suppose p*j - 10 = 32*j. Suppose -q = -5*t + 19, 3*q - 18 = -5*t + j*q. List the prime factors of t.
2
Let l(n) = 12*n**3 + n**2. Let u be l(-1). Let q = 14 + u. Suppose -z + i = -9, -z - 22 = -q*z + i. What are the prime factors of z?
13
Let c(w) = 95*w - 297. What are the prime factors of c(22)?
11, 163
Let f = -156 + 168. What are the prime factors of 5/15 + ((-1532)/f)/(-1)?
2
Let w(o) = o**3 + o**2 - 1. Let f(g) = 3*g**3 + 12*g**2 + 3*g + 2. Let q(y) = -f(y) + 4*w(y). What are the prime factors of q(10)?
2, 41
Suppose -4*d - 17 = -5*z + 2*z, -4*d - 14 = -2*z. Suppose 55 = -2*b + z*b. What are the prime factors of b?
5, 11
Let t(l) = -2*l**3 - 2*l**2 + 2*l - 5. Let m be t(-5). Suppose h - 4*f + 115 = 0, 4*h + 520 = 48*f - 52*f. Let a = m + h. List the prime factors of a.
2, 29
Let q = -36 - -37. What are the prime factors of ((1782/12)/3)/(q/4)?
2, 3, 11
Suppose -2*c - 12 = -6*c, l + 13 = 5*c. Suppose -l*i - 15 = -5*i. Suppose -i*k + d = -140, 3*k + 3*d - 66 = -0*k. What are the prime factors of k?
3
Suppose 4*a = 20 + 36. Let d be (-1)/(-2) + (-7)/a. Suppose -2*r + 34 = -4*j - d*j, 4*r - 77 = 5*j. What are the prime factors of r?
23
Suppose 0 = -8*o + 4*o - 4, r = -o + 2. Let w be r*1/(-6)*-4. Suppose -f - w*k = 3*k - 14, -f + 5*k + 64 = 0. What are the prime factors of f?
3, 13
Let j(u) = u**3 + 5*u**2 - 7*u + 2. Let z be j(-5). Let p = -121 + 142. Let w = z - p. What are the prime factors of w?
2
Let l = -19 - 6. What are the prime factors of (-8 - (5 + -11))*l/2?
5
Let s = 1295 + -658. Let z = s + -413. What are the prime factors of z?
2, 7
Suppose -14139 = -28*x + 19*x. What are the prime factors of x?
1571
Let i(u) = u**3 - 12*u**2 - 2*u - 37. List the prime factors of i(16).
5, 191
Suppose -20 = -3*r + 40. Suppose 3*n = -2*n + r. Suppose 5*l - 2*j = 34, 0*j = 3*l + n*j - 36. What are the prime factors of l?
2
Let w = -350 + 188. Let u = -99 - w. What are the prime factors of u?
3, 7
Suppose -22*t - 3640 = -11582. What are the prime factors of t?
19
Suppose -28*g + 71794 = -18282. What are the prime factors of g?
3217
Let c be 1/(-4*2/(-40)). Suppose 3*o + g - 18 = 75, 0 = -o - c*g + 45. List the prime factors of o.
2, 3, 5
Let i(s) = 43*s**2 + 21. List the prime factors of i(3).
2, 3, 17
Let w(v) = -v**3 - 3*v**2 + v - 3. Let y be w(-4). Let r(c) = c**3 - 6*c**2 - 11*c - 3. List the prime factors of r(y).
3, 47
Suppose -5*s + 107 = j, 108 = j + 7*s - 3*s. What are the prime factors of j?
2, 7
Let x = -139 + 309. Let y = -65 + x. Let h = y - 26. What are the prime factors of h?
79
Let u = 111 + -56. Suppose p - 95 = u. Suppose -4*z + p = z. What are the prime factors of z?
2, 3, 5
Let h = -1237 - -1951. List the prime factors of h.
2, 3, 7, 17
List the prime factors of (((-112)/12)/(-14))/(2/4896).
2, 3, 17
Suppose -8*g = -6014 - 6386. List the prime factors of g.
2, 5, 31
Let s(u) = u**3 + 6*u**2 + 2*u - 10. Let k be s(-5). Suppose p + 2*a - 12 = 0, -3*a + 16 + 72 = k*p. What are the prime factors of p - (4 - 8)/(-2)?
2, 3
Suppose 6*t - 3*t = 3*b + 2712, -t + 912 = -3*b. What are the prime factors of t?
2, 3, 5
Let h be (-70)/(-22) + 6/(-33). Suppose 2*i - 4*s - 1 = s, -i - h*s - 5 = 0. List the prime factors of 30/(-7)*(-9 - i).
2, 3, 5
Let d(z) = z - 14. Let a be d(18). Suppose -2*w + 683 = a*n - 393, -5*n = -4*w - 1371. List the prime factors of n.
271
Let n = 38 - -75. What are the prime factors of n?
113
Let a(c) = c**3 - 5*c**2 - 6*c - 2. Let w be a(6). What are the prime factors of 140/3 - (w/(-3))/1?
2, 23
Suppose 2*o = 5*x + 490, 756 = 3*o - 2*x + 5*x. List the prime factors of o.
2, 5
Let o(c) = 3*c - 4*c + 1 + c**2 + 0*c. List the prime factors of o(2).
3
What are the prime factors of 620/2 - (-3)/1?
313
Let o = -22 + 37. Let w(t) = t**3 - 16*t**2 + 16*t - 11. Let r be w(o). Suppose 17 = r*z - 31. List the prime factors of z.
2, 3
Suppose 8*f = 4*v + 5*f - 47, -2*f = 2*v - 20. Let o(j) = -9 - 4*j + 19*j - j**2 - 5. What are the prime factors of o(v)?
2, 3, 5
Let v(s) be the third derivative of -s**4/8 - 11*s**3/3 - 3*s**2. Let t be v(-13). Let w = t - -21. List the prime factors of w.
2, 19
Let z(v) = -23*v**3 - 3*v**2 + 2*v. Let d be z(2). Let h = d - -360. List the prime factors of h.
2, 3, 7
Let n(h) = 1 + 3 + 3*h - 4*h + 0*h - 8*h**2 - 7*h**3. What are the prime factors of n(-3)?
2, 31
Suppose 0 = -3*d + 8*d - 60. Suppose -r + d = -2*p + 4*p, 3*p = 3*r + 9. Suppose 3*n = r*i + 165, 2*i = 4*n - 141 - 79. List the prime factors of n.
5, 11
Let v = -517 + 959. List the prime factors of v.
2, 13, 17
Let v be (-2)/(-3)*3 - 22. Let z(i) = i**3 + 6*i**2 - 2*i - 3. Let k be z(-5). Let l = v + k. List the prime factors of l.
2, 3
Let m(v) = -v - 2. Let d be m(-3). Suppose 4*u + d = -3*y - 3, -3*u = y + 3. Suppose y*a - a = -10. List the prime factors of a.
2, 5
Suppose -11 + 25 = -14*c. Let h(u) = -9*u**3 + u**2 + 2*u + 2. What are the prime factors of h(c)?
2, 5
Suppose 5*f + 4*p - 8537 = 1014, -3*f = -5*p - 5701. List the prime factors of f.
1907
Let r(z) = z**3 + 49*z**2 - 8*z - 73. List the prime factors of r(-12).
5351
Let p be (-4)/(124/128 + -1). Suppose 5*x - q - p = 0, 0 = 4*q + 17 - 5. What are the prime factors of x?
5
Suppose 262 = 5*n + 47. Suppose -2*g - n = 2*r + 95, 5*r + 339 = -2*g. Let o = r + 99. What are the prime factors of o?
2
Let k = -122 + -80. Let a be (-5)/(-1)*k/(-10). Let p = a - 57. List the prime factors of p.
2, 11
Suppose 5*a - 5*j - 3935 = 0, -2618 = -3*a + 2*j - 253. What are the prime factors of a?
7, 113
Let k(j) = 14*j**3 + j - 2. Suppose -3*q - 12 = -15. List the prime factors of k(q).
13
Let s(r) = -1 - 25*r + 15*r - 19*r. Let z be s(-1). Suppose 0 = -k + z + 16. List the prime factors of k.
2, 11
Let a = -3 + 8. Suppose 2*p = -c + 5, -5*p + a*c = -28 + 8. Suppose p*r + 35 = 158. What are the prime factors of r?
41
Suppose -5*x + 4 = 3*t - 2*t, 3*t - 2*x = 12. Suppose a + r = 3, t*r - 14 = -3*a - 2*a. Suppose -a*m + 90 = 3*m. List the prime factors of m.
2, 3
Suppose -65*w + 69*w = 8. Suppose -3*u + w*i = -160, -u - 2*i = 3*u - 232. What are the prime factors of u?
2, 7
Suppose -10 = -5*q + 5. Suppose -p - 2*p - 4*l = 2, -p = -4*l - 10. Suppose 0 = p*r + q*r - 65. List the prime factors of r.
13
Suppose -3*q + 220 = -0*q - 5*i, -5*q + i + 374 = 0. Let s = q + 101. List the prime factors of s.
2, 11
Let j(v) = -v**3 + 30*v**2 - 37*v - 76. List the prime factors of j(22).
2, 3, 7, 71
Let h(l) = 11*l - 226. Let d be h(36). Let o = -46 + -63. Let y = d + o. What are the prime factors of y?
61
Let h(i) = 2*i + 39. Let a be h(-24). List the prime factors of (8/10)/(a/(-90)).
2
Let a(b) = b**2 + b + 1. Let x(z) = 8*z + 8. Let w(n) = 3*a(n) - x(n). List the prime factors of w(-4).
3, 7
Let o(q) be the third derivative of -